{"id":278,"date":"2025-11-28T09:04:07","date_gmt":"2025-11-28T12:04:07","guid":{"rendered":"https:\/\/portafolioservicios.cl\/?page_id=278"},"modified":"2025-12-18T11:42:40","modified_gmt":"2025-12-18T14:42:40","slug":"ingecal","status":"publish","type":"page","link":"https:\/\/portafolioservicios.cl\/index.php\/ingecal\/","title":{"rendered":"Ingecal"},"content":{"rendered":"\n<div class=\"wp-block-columns alignwide is-layout-flex wp-container-core-columns-is-layout-83cf590f wp-block-columns-is-layout-flex\">\n<div class=\"wp-block-column is-vertically-aligned-center is-layout-flow wp-container-core-column-is-layout-a1628350 wp-block-column-is-layout-flow\" style=\"padding-top:0;padding-right:0;padding-bottom:0;padding-left:0\">\n<div class=\"wp-block-group\"><div class=\"wp-block-group__inner-container is-layout-flow wp-container-core-group-is-layout-ff697075 wp-block-group-is-layout-flow\">\n<p class=\"has-text-align-left\"><\/p>\n\n\n\n<div class=\"wp-block-columns alignwide is-layout-flex wp-container-core-columns-is-layout-83cf590f wp-block-columns-is-layout-flex\">\n<div class=\"wp-block-column is-vertically-aligned-center is-layout-flow wp-container-core-column-is-layout-a1628350 wp-block-column-is-layout-flow\" style=\"padding-top:0;padding-right:0;padding-bottom:0;padding-left:0\">\n<div class=\"wp-block-group\"><div class=\"wp-block-group__inner-container is-layout-flow wp-container-core-group-is-layout-ff697075 wp-block-group-is-layout-flow\">\n<h2 class=\"wp-block-heading has-text-align-left has-primary-color has-text-color has-superbfont-xxsmall-font-size\" style=\"font-style:normal;font-weight:700;letter-spacing:5px;text-transform:uppercase\"><\/h2>\n\n\n\n<h3 class=\"wp-block-heading has-text-align-left has-superbfont-xlarge-font-size\">Ingecal<\/h3>\n\n\n\n<p class=\"has-text-align-left has-secondary-color has-text-color has-superbfont-small-font-size\"><strong>Ingecal Capacitaci\u00f3n Chile<\/strong>&nbsp;es una entidad dedicada a ofrecer programas de formaci\u00f3n y cursos especializados tanto a profesionales individuales como a empresas.&nbsp;<\/p>\n\n\n\n<p class=\"has-text-align-left has-secondary-color has-text-color has-superbfont-small-font-size\">Con un enfoque en la excelencia y la actualizaci\u00f3n constante, Ingecal Capacitaci\u00f3n Chile se destaca por proporcionar conocimientos pr\u00e1cticos y te\u00f3ricos que potencian las habilidades y competencias de sus participantes, contribuyendo al crecimiento y desarrollo profesional en diversos sectores industriales y empresariales.<\/p>\n<\/div><\/div>\n<\/div>\n<\/div>\n<\/div><\/div>\n\n\n\n<p><\/p>\n\n\n\n<div class=\"wp-block-group\"><div class=\"wp-block-group__inner-container is-layout-flow wp-container-core-group-is-layout-ff697075 wp-block-group-is-layout-flow\">\n<div class=\"wp-block-columns alignwide has-background-color-background-color has-background is-layout-flex wp-container-core-columns-is-layout-83cf590f wp-block-columns-is-layout-flex\">\n<div class=\"wp-block-column is-vertically-aligned-center is-layout-flow wp-container-core-column-is-layout-a1628350 wp-block-column-is-layout-flow\" style=\"padding-top:0;padding-right:0;padding-bottom:0;padding-left:0\">\n<div class=\"wp-block-group\"><div class=\"wp-block-group__inner-container is-layout-flow wp-container-core-group-is-layout-ff697075 wp-block-group-is-layout-flow\">\n<h2 class=\"wp-block-heading has-text-align-left has-primary-color has-text-color has-superbfont-xxsmall-font-size\" style=\"font-style:normal;font-weight:700;letter-spacing:5px;text-transform:uppercase\">CURSO ONLINE ASINCR\u00d3NICO<\/h2>\n\n\n\n<h3 class=\"wp-block-heading has-text-align-left has-superbfont-xlarge-font-size\">An\u00e1lisis e Implementaci\u00f3n 2728:2015 y DA-D45 para un Sistema de gesti\u00f3n de calidad<\/h3>\n\n\n\n<p class=\"has-text-align-left has-secondary-color has-text-color\" style=\"font-size:21px\"><\/p>\n\n\n\n<div class=\"wp-block-buttons has-custom-font-size has-small-font-size is-layout-flex wp-block-buttons-is-layout-flex\">\n<div class=\"wp-block-button is-style-fill\"><a class=\"wp-block-button__link wp-element-button\" href=\"https:\/\/grupootec.cl\/analisis-implementacion-nch-2728\/\" style=\"border-style:none;border-width:0px;border-top-left-radius:0px;border-top-right-radius:0px;border-bottom-left-radius:0px;border-bottom-right-radius:0px\">Ver m\u00e1s<\/a><\/div>\n<\/div>\n<\/div><\/div>\n<\/div>\n\n\n\n<div class=\"wp-block-column is-vertically-aligned-center is-layout-flow wp-container-core-column-is-layout-40a2a7e8 wp-block-column-is-layout-flow\" style=\"padding-right:0;padding-bottom:0;padding-left:0\"><div class=\"wp-block-image\">\n<figure style=\"opacity: 0;\" superb-addons-animation=\"fadeIn\" class=\"aligncenter size-large is-resized has-custom-border\"><img loading=\"lazy\" decoding=\"async\" width=\"1024\" height=\"1024\" src=\"https:\/\/portafolioservicios.cl\/wp-content\/uploads\/2025\/12\/aei-NCh-2728_2015-y-DA-D45-OTEC-01-1024x1024.jpg\" alt=\"\" class=\"wp-image-592\" style=\"border-radius:20px;width:414px;height:auto\" srcset=\"https:\/\/portafolioservicios.cl\/wp-content\/uploads\/2025\/12\/aei-NCh-2728_2015-y-DA-D45-OTEC-01-1024x1024.jpg 1024w, https:\/\/portafolioservicios.cl\/wp-content\/uploads\/2025\/12\/aei-NCh-2728_2015-y-DA-D45-OTEC-01-300x300.jpg 300w, https:\/\/portafolioservicios.cl\/wp-content\/uploads\/2025\/12\/aei-NCh-2728_2015-y-DA-D45-OTEC-01-150x150.jpg 150w, https:\/\/portafolioservicios.cl\/wp-content\/uploads\/2025\/12\/aei-NCh-2728_2015-y-DA-D45-OTEC-01-768x768.jpg 768w, https:\/\/portafolioservicios.cl\/wp-content\/uploads\/2025\/12\/aei-NCh-2728_2015-y-DA-D45-OTEC-01-100x100.jpg 100w, https:\/\/portafolioservicios.cl\/wp-content\/uploads\/2025\/12\/aei-NCh-2728_2015-y-DA-D45-OTEC-01.jpg 1080w\" sizes=\"auto, (max-width: 1024px) 100vw, 1024px\" \/><\/figure>\n<\/div><\/div>\n<\/div>\n\n\n\n<p class=\"has-text-align-left\"><\/p>\n\n\n\n<div class=\"wp-block-columns alignwide has-background-color-background-color has-background is-layout-flex wp-container-core-columns-is-layout-83cf590f wp-block-columns-is-layout-flex\">\n<div class=\"wp-block-column is-vertically-aligned-center is-layout-flow wp-container-core-column-is-layout-a1628350 wp-block-column-is-layout-flow\" style=\"padding-top:0;padding-right:0;padding-bottom:0;padding-left:0\">\n<div class=\"wp-block-group\"><div class=\"wp-block-group__inner-container is-layout-flow wp-container-core-group-is-layout-ff697075 wp-block-group-is-layout-flow\">\n<h2 class=\"wp-block-heading has-text-align-left has-primary-color has-text-color has-superbfont-xxsmall-font-size\" style=\"font-style:normal;font-weight:700;letter-spacing:5px;text-transform:uppercase\">CURSO ONLINE ASINCR\u00d3NICO<\/h2>\n\n\n\n<h3 class=\"wp-block-heading has-text-align-left has-superbfont-xlarge-font-size\">Interpretaci\u00f3n e Implementaci\u00f3n<br>NCh -ISO 17021\/1:2015<\/h3>\n\n\n\n<p class=\"has-text-align-left has-secondary-color has-text-color\" style=\"font-size:21px\"><\/p>\n\n\n\n<div class=\"wp-block-buttons has-custom-font-size has-small-font-size is-layout-flex wp-block-buttons-is-layout-flex\">\n<div class=\"wp-block-button is-style-fill\"><a class=\"wp-block-button__link wp-element-button\" href=\"https:\/\/grupootec.cl\/cursos\/\" style=\"border-style:none;border-width:0px;border-top-left-radius:0px;border-top-right-radius:0px;border-bottom-left-radius:0px;border-bottom-right-radius:0px\">Ver m\u00e1s<\/a><\/div>\n<\/div>\n<\/div><\/div>\n<\/div>\n\n\n\n<div class=\"wp-block-column is-vertically-aligned-center is-layout-flow wp-container-core-column-is-layout-40a2a7e8 wp-block-column-is-layout-flow\" style=\"padding-right:0;padding-bottom:0;padding-left:0\"><div class=\"wp-block-image\">\n<figure style=\"opacity: 0;\" superb-addons-animation=\"fadeIn\" class=\"aligncenter size-large is-resized has-custom-border\"><img loading=\"lazy\" decoding=\"async\" width=\"1024\" height=\"1024\" src=\"https:\/\/portafolioservicios.cl\/wp-content\/uploads\/2025\/12\/Post-Interpretacion-e-Implementacion-NCh-ISO-17021-1_2015-copia-1-01-1024x1024.jpg\" alt=\"\" class=\"wp-image-591\" style=\"border-radius:20px;width:414px;height:auto\" srcset=\"https:\/\/portafolioservicios.cl\/wp-content\/uploads\/2025\/12\/Post-Interpretacion-e-Implementacion-NCh-ISO-17021-1_2015-copia-1-01-1024x1024.jpg 1024w, https:\/\/portafolioservicios.cl\/wp-content\/uploads\/2025\/12\/Post-Interpretacion-e-Implementacion-NCh-ISO-17021-1_2015-copia-1-01-300x300.jpg 300w, https:\/\/portafolioservicios.cl\/wp-content\/uploads\/2025\/12\/Post-Interpretacion-e-Implementacion-NCh-ISO-17021-1_2015-copia-1-01-150x150.jpg 150w, https:\/\/portafolioservicios.cl\/wp-content\/uploads\/2025\/12\/Post-Interpretacion-e-Implementacion-NCh-ISO-17021-1_2015-copia-1-01-768x768.jpg 768w, https:\/\/portafolioservicios.cl\/wp-content\/uploads\/2025\/12\/Post-Interpretacion-e-Implementacion-NCh-ISO-17021-1_2015-copia-1-01-100x100.jpg 100w, https:\/\/portafolioservicios.cl\/wp-content\/uploads\/2025\/12\/Post-Interpretacion-e-Implementacion-NCh-ISO-17021-1_2015-copia-1-01.jpg 1080w\" sizes=\"auto, (max-width: 1024px) 100vw, 1024px\" \/><\/figure>\n<\/div><\/div>\n<\/div>\n\n\n\n<p class=\"has-text-align-left\"><\/p>\n\n\n\n<p class=\"has-text-align-left\"><\/p>\n<\/div><\/div>\n<\/div>\n<\/div>\n\n\n\n<p><\/p>\n","protected":false},"excerpt":{"rendered":"<p>Ingecal Ingecal Capacitaci\u00f3n Chile&nbsp;es una entidad dedicada a ofrecer programas de formaci\u00f3n y cursos especializados tanto a profesionales individuales como a empresas.&nbsp; Con un enfoque en la excelencia y la actualizaci\u00f3n constante, Ingecal Capacitaci\u00f3n Chile se destaca por proporcionar conocimientos pr\u00e1cticos y te\u00f3ricos que potencian las habilidades y competencias de [&hellip;]<\/p>\n","protected":false},"author":1,"featured_media":0,"parent":0,"menu_order":0,"comment_status":"closed","ping_status":"closed","template":"","meta":{"ngg_post_thumbnail":0,"_themeisle_gutenberg_block_has_review":false,"footnotes":""},"class_list":["post-278","page","type-page","status-publish","hentry"],"_links":{"self":[{"href":"https:\/\/portafolioservicios.cl\/index.php\/wp-json\/wp\/v2\/pages\/278","targetHints":{"allow":["GET"]}}],"collection":[{"href":"https:\/\/portafolioservicios.cl\/index.php\/wp-json\/wp\/v2\/pages"}],"about":[{"href":"https:\/\/portafolioservicios.cl\/index.php\/wp-json\/wp\/v2\/types\/page"}],"author":[{"embeddable":true,"href":"https:\/\/portafolioservicios.cl\/index.php\/wp-json\/wp\/v2\/users\/1"}],"replies":[{"embeddable":true,"href":"https:\/\/portafolioservicios.cl\/index.php\/wp-json\/wp\/v2\/comments?post=278"}],"version-history":[{"count":29,"href":"https:\/\/portafolioservicios.cl\/index.php\/wp-json\/wp\/v2\/pages\/278\/revisions"}],"predecessor-version":[{"id":858,"href":"https:\/\/portafolioservicios.cl\/index.php\/wp-json\/wp\/v2\/pages\/278\/revisions\/858"}],"wp:attachment":[{"href":"https:\/\/portafolioservicios.cl\/index.php\/wp-json\/wp\/v2\/media?parent=278"}],"curies":[{"name":"wp","href":"https:\/\/api.w.org\/{rel}","templated":true}]}}