{"id":276,"date":"2025-11-28T09:03:41","date_gmt":"2025-11-28T12:03:41","guid":{"rendered":"https:\/\/portafolioservicios.cl\/?page_id=276"},"modified":"2025-12-09T16:01:52","modified_gmt":"2025-12-09T19:01:52","slug":"biarritz","status":"publish","type":"page","link":"https:\/\/portafolioservicios.cl\/index.php\/biarritz\/","title":{"rendered":"Biarritz"},"content":{"rendered":"\n<div class=\"wp-block-columns alignwide is-layout-flex wp-container-core-columns-is-layout-83cf590f wp-block-columns-is-layout-flex\">\n<div class=\"wp-block-column is-vertically-aligned-center is-layout-flow wp-container-core-column-is-layout-a1628350 wp-block-column-is-layout-flow\" style=\"padding-top:0;padding-right:0;padding-bottom:0;padding-left:0\">\n<div class=\"wp-block-group\"><div class=\"wp-block-group__inner-container is-layout-flow wp-container-core-group-is-layout-ff697075 wp-block-group-is-layout-flow\">\n<h2 class=\"wp-block-heading has-text-align-left has-primary-color has-text-color has-superbfont-xxsmall-font-size\" style=\"font-style:normal;font-weight:700;letter-spacing:5px;text-transform:uppercase\">CURSOS<\/h2>\n\n\n\n<h3 class=\"wp-block-heading has-text-align-left has-superbfont-xlarge-font-size\">Biarritz<\/h3>\n\n\n\n<p class=\"has-text-align-left has-secondary-color has-text-color has-superbfont-small-font-size\">Organizaci\u00f3n dedicada a la consultor\u00eda y el coaching profesional, enfocada en atender las necesidades de las empresas en diversas \u00e1reas de la industria.<\/p>\n<\/div><\/div>\n<\/div>\n\n\n\n<div class=\"wp-block-column is-vertically-aligned-center is-layout-flow wp-container-core-column-is-layout-40a2a7e8 wp-block-column-is-layout-flow\" style=\"padding-right:0;padding-bottom:0;padding-left:0\">\n<figure class=\"wp-block-image size-large has-custom-border\"><img loading=\"lazy\" decoding=\"async\" width=\"1024\" height=\"682\" src=\"https:\/\/portafolioservicios.cl\/wp-content\/uploads\/2025\/12\/85-1024x682.jpg\" alt=\"\" class=\"wp-image-570\" style=\"border-radius:20px\" srcset=\"https:\/\/portafolioservicios.cl\/wp-content\/uploads\/2025\/12\/85-1024x682.jpg 1024w, https:\/\/portafolioservicios.cl\/wp-content\/uploads\/2025\/12\/85-300x200.jpg 300w, https:\/\/portafolioservicios.cl\/wp-content\/uploads\/2025\/12\/85-768x512.jpg 768w, https:\/\/portafolioservicios.cl\/wp-content\/uploads\/2025\/12\/85-100x67.jpg 100w, https:\/\/portafolioservicios.cl\/wp-content\/uploads\/2025\/12\/85-1536x1024.jpg 1536w, https:\/\/portafolioservicios.cl\/wp-content\/uploads\/2025\/12\/85-360x240.jpg 360w, https:\/\/portafolioservicios.cl\/wp-content\/uploads\/2025\/12\/85.jpg 2000w\" sizes=\"auto, (max-width: 1024px) 100vw, 1024px\" \/><\/figure>\n<\/div>\n<\/div>\n","protected":false},"excerpt":{"rendered":"<p>CURSOS Biarritz Organizaci\u00f3n dedicada a la consultor\u00eda y el coaching profesional, enfocada en atender las necesidades de las empresas en diversas \u00e1reas de la industria.<\/p>\n","protected":false},"author":1,"featured_media":0,"parent":0,"menu_order":0,"comment_status":"closed","ping_status":"closed","template":"","meta":{"ngg_post_thumbnail":0,"_themeisle_gutenberg_block_has_review":false,"footnotes":""},"class_list":["post-276","page","type-page","status-publish","hentry"],"_links":{"self":[{"href":"https:\/\/portafolioservicios.cl\/index.php\/wp-json\/wp\/v2\/pages\/276","targetHints":{"allow":["GET"]}}],"collection":[{"href":"https:\/\/portafolioservicios.cl\/index.php\/wp-json\/wp\/v2\/pages"}],"about":[{"href":"https:\/\/portafolioservicios.cl\/index.php\/wp-json\/wp\/v2\/types\/page"}],"author":[{"embeddable":true,"href":"https:\/\/portafolioservicios.cl\/index.php\/wp-json\/wp\/v2\/users\/1"}],"replies":[{"embeddable":true,"href":"https:\/\/portafolioservicios.cl\/index.php\/wp-json\/wp\/v2\/comments?post=276"}],"version-history":[{"count":4,"href":"https:\/\/portafolioservicios.cl\/index.php\/wp-json\/wp\/v2\/pages\/276\/revisions"}],"predecessor-version":[{"id":574,"href":"https:\/\/portafolioservicios.cl\/index.php\/wp-json\/wp\/v2\/pages\/276\/revisions\/574"}],"wp:attachment":[{"href":"https:\/\/portafolioservicios.cl\/index.php\/wp-json\/wp\/v2\/media?parent=276"}],"curies":[{"name":"wp","href":"https:\/\/api.w.org\/{rel}","templated":true}]}}